{"id":5,"date":"2012-05-25T19:27:19","date_gmt":"2012-05-25T19:27:19","guid":{"rendered":"http:\/\/www.physiotherapie-montino.de\/?page_id=5"},"modified":"2026-01-24T22:51:40","modified_gmt":"2026-01-24T22:51:40","slug":"therapieformen","status":"publish","type":"page","link":"https:\/\/www.physiotherapie-montino.de\/?page_id=5","title":{"rendered":"Leistungen"},"content":{"rendered":"\n<div class=\"wp-block-columns is-layout-flex wp-container-core-columns-is-layout-9d6595d7 wp-block-columns-is-layout-flex\">\n<div class=\"wp-block-column is-layout-flow wp-block-column-is-layout-flow\" style=\"flex-basis:66.66%\">\n<p><strong>Physiotherapie&nbsp;<\/strong>bildet den Oberbegriff f\u00fcr die&nbsp;<strong>Krankengymnastik<\/strong>&nbsp;und die physikalische Therapie (z. B. Massage, Lymphdrainage, W\u00e4rmetherapie, K\u00e4ltetherapie, Hydrotherapie).<\/p>\n\n\n\n<p>Prim\u00e4rer Ansatz ist das Bewegungssystem und das Bewegungsverhalten, wobei das Ziel&nbsp;<strong>Schmerzfreiheit&nbsp;<\/strong>und \u00f6konomisches&nbsp;<strong>Bewegungsverhalten<\/strong>&nbsp;im Alltag ist um im Falle von irreversiblen Funktionsst\u00f6rungen Kompensationsm\u00f6glichkeiten zu schaffen. Dar\u00fcber hinaus sollen&nbsp;<strong>Eigenst\u00e4ndigkeit und Selbst\u00e4ndigkeit<\/strong>&nbsp;des Patienten gef\u00f6rdert und Selbstheilungskr\u00e4fte des Organismus aktiviert werden.<\/p>\n<\/div>\n\n\n\n<div class=\"wp-block-column is-layout-flow wp-block-column-is-layout-flow\" style=\"flex-basis:33.33%\">\n<figure class=\"wp-block-image size-large\"><img loading=\"lazy\" decoding=\"async\" width=\"1024\" height=\"683\" src=\"https:\/\/www.physiotherapie-montino.de\/wp-content\/uploads\/2025\/11\/539A9572-1024x683.jpg\" alt=\"\" class=\"wp-image-377\" srcset=\"https:\/\/www.physiotherapie-montino.de\/wp-content\/uploads\/2025\/11\/539A9572-1024x683.jpg 1024w, https:\/\/www.physiotherapie-montino.de\/wp-content\/uploads\/2025\/11\/539A9572-500x333.jpg 500w, https:\/\/www.physiotherapie-montino.de\/wp-content\/uploads\/2025\/11\/539A9572-768x512.jpg 768w, https:\/\/www.physiotherapie-montino.de\/wp-content\/uploads\/2025\/11\/539A9572-1536x1024.jpg 1536w, https:\/\/www.physiotherapie-montino.de\/wp-content\/uploads\/2025\/11\/539A9572-2048x1365.jpg 2048w, https:\/\/www.physiotherapie-montino.de\/wp-content\/uploads\/2025\/11\/539A9572-2000x1333.jpg 2000w\" sizes=\"auto, (max-width: 1024px) 100vw, 1024px\" \/><\/figure>\n<\/div>\n<\/div>\n\n\n<p><strong>Das Angebot unserer Praxis umfasst umfangreiche Leistungen f\u00fcr Privat- und Kassenpatienten:<\/strong><\/p>\n<ul>\n<li><a href=\"https:\/\/www.physiotherapie-montino.de\/?page_id=387\">Krankengymnastik<\/a><\/li>\n<li><a href=\"https:\/\/www.physiotherapie-montino.de\/?page_id=389\">Manuelle Therapie<\/a><\/li>\n<li><a href=\"https:\/\/www.physiotherapie-montino.de\/?page_id=391\">Manuelle Lymphdrainage<\/a><\/li>\n<li><a href=\"https:\/\/www.physiotherapie-montino.de\/?page_id=393\">Bobath<\/a><\/li>\n<\/ul>\n<div>\u00a0<\/div>\n<ul>\n<li><a href=\"https:\/\/www.physiotherapie-montino.de\/?page_id=395\">Atemtherapie<\/a><\/li>\n<li>Behandlung von Kopfschmerz, Schwindel, Migr\u00e4ne, Tinnitus<\/li>\n<li>Eisbehandlung<\/li>\n<li><a href=\"https:\/\/www.physiotherapie-montino.de\/?page_id=397\">Fango \u2013 Naturmoor Gro\u00dfpackung \u2013 einmal verwendbar<\/a><\/li>\n<li>Hei\u00dfluftbehandlung<\/li>\n<li>klassische Massagetherapie<\/li>\n<li><a href=\"https:\/\/www.physiotherapie-montino.de\/?page_id=399\">Medi-Taping &amp; K-Tape<\/a><\/li>\n<li><a href=\"https:\/\/www.physiotherapie-montino.de\/?page_id=401\">Schmerztherapie nach Liebscher und Bracht<\/a><\/li>\n<\/ul>\n<p><strong>Alle Leistungen unserer Praxis k\u00f6nnen Sie auch als Geschenk in Form eines Gutscheins erhalten. Bitte sprechen Sie uns darauf an.<\/strong><\/p>","protected":false},"excerpt":{"rendered":"<p>Physiotherapie&nbsp;bildet den Oberbegriff f\u00fcr die&nbsp;Krankengymnastik&nbsp;und die physikalische Therapie (z. B. Massage, Lymphdrainage, W\u00e4rmetherapie, K\u00e4ltetherapie, Hydrotherapie). Prim\u00e4rer Ansatz ist das Bewegungssystem und das Bewegungsverhalten, wobei das Ziel&nbsp;Schmerzfreiheit&nbsp;und \u00f6konomisches&nbsp;Bewegungsverhalten&nbsp;im Alltag ist um im Falle von irreversiblen Funktionsst\u00f6rungen Kompensationsm\u00f6glichkeiten zu schaffen. Dar\u00fcber hinaus sollen&nbsp;Eigenst\u00e4ndigkeit und Selbst\u00e4ndigkeit&nbsp;des Patienten gef\u00f6rdert und Selbstheilungskr\u00e4fte des Organismus aktiviert werden. Das Angebot unserer Praxis &hellip; <\/p>\n<p class=\"link-more\"><a href=\"https:\/\/www.physiotherapie-montino.de\/?page_id=5\" class=\"more-link\">Mehr <span class=\"screen-reader-text\">\u00fcber &#8222;Leistungen&#8220; <\/span>Lesen<\/a><\/p>\n","protected":false},"author":1,"featured_media":0,"parent":0,"menu_order":20,"comment_status":"closed","ping_status":"closed","template":"","meta":{"footnotes":""},"class_list":["post-5","page","type-page","status-publish","hentry"],"_links":{"self":[{"href":"https:\/\/www.physiotherapie-montino.de\/index.php?rest_route=\/wp\/v2\/pages\/5","targetHints":{"allow":["GET"]}}],"collection":[{"href":"https:\/\/www.physiotherapie-montino.de\/index.php?rest_route=\/wp\/v2\/pages"}],"about":[{"href":"https:\/\/www.physiotherapie-montino.de\/index.php?rest_route=\/wp\/v2\/types\/page"}],"author":[{"embeddable":true,"href":"https:\/\/www.physiotherapie-montino.de\/index.php?rest_route=\/wp\/v2\/users\/1"}],"replies":[{"embeddable":true,"href":"https:\/\/www.physiotherapie-montino.de\/index.php?rest_route=%2Fwp%2Fv2%2Fcomments&post=5"}],"version-history":[{"count":23,"href":"https:\/\/www.physiotherapie-montino.de\/index.php?rest_route=\/wp\/v2\/pages\/5\/revisions"}],"predecessor-version":[{"id":487,"href":"https:\/\/www.physiotherapie-montino.de\/index.php?rest_route=\/wp\/v2\/pages\/5\/revisions\/487"}],"wp:attachment":[{"href":"https:\/\/www.physiotherapie-montino.de\/index.php?rest_route=%2Fwp%2Fv2%2Fmedia&parent=5"}],"curies":[{"name":"wp","href":"https:\/\/api.w.org\/{rel}","templated":true}]}}